{"id":701,"date":"2026-02-05T13:35:40","date_gmt":"2026-02-05T12:35:40","guid":{"rendered":"https:\/\/cabulleauvillage.com\/?page_id=701"},"modified":"2026-02-06T10:02:31","modified_gmt":"2026-02-06T09:02:31","slug":"zerriouh","status":"publish","type":"page","link":"https:\/\/cabulleauvillage.com\/index.php\/zerriouh\/","title":{"rendered":"Zerriouh"},"content":{"rendered":"\n<h2 class=\"wp-block-heading\">Zerriouh <\/h2>\n\n\n\n<figure class=\"wp-block-image size-large\"><img fetchpriority=\"high\" decoding=\"async\" width=\"1000\" height=\"667\" src=\"https:\/\/cabulleauvillage.com\/wp-content\/uploads\/2026\/01\/CBV2024-11.jpg\" alt=\"\" class=\"wp-image-585\" srcset=\"https:\/\/cabulleauvillage.com\/wp-content\/uploads\/2026\/01\/CBV2024-11.jpg 1000w, https:\/\/cabulleauvillage.com\/wp-content\/uploads\/2026\/01\/CBV2024-11-300x200.jpg 300w, https:\/\/cabulleauvillage.com\/wp-content\/uploads\/2026\/01\/CBV2024-11-768x512.jpg 768w\" sizes=\"(max-width: 1000px) 100vw, 1000px\" \/><\/figure>\n\n\n\n<h3 class=\"wp-block-heading\">Public : jeunesse \u2013 manga<\/h3>\n\n\n\n<p>Auteur et illustrateur de <strong>bande dessin\u00e9e et de manga<\/strong>, <strong>Zerriouh<\/strong> d\u00e9veloppe un univers graphique dynamique et expressif, nourri par les codes du manga et une narration visuelle tr\u00e8s rythm\u00e9e. Ses cr\u00e9ations s\u2019adressent aussi bien aux jeunes lecteurs qu\u2019aux adolescents, avec des histoires accessibles, port\u00e9es par des personnages forts et un dessin tr\u00e8s vivant.<\/p>\n\n\n\n<p>Zerriouh a particip\u00e9 aux <strong>\u00e9ditions 2024 et 2025 du festival \u00ab \u00c7a bulle au village \u00bb<\/strong>, o\u00f9 il est venu \u00e0 la rencontre du public pour \u00e9changer autour de son travail et partager sa passion du dessin.<br>Il est \u00e9galement <strong>l\u2019illustrateur de l\u2019affiche officielle de l\u2019\u00e9dition 2025<\/strong>, dont l\u2019univers graphique a largement contribu\u00e9 \u00e0 l\u2019identit\u00e9 visuelle du festival.<\/p>\n\n\n\n<p>Appr\u00e9ci\u00e9 pour sa disponibilit\u00e9 et son sens du partage, il intervient r\u00e9guli\u00e8rement lors de <strong>rencontres, d\u00e9dicaces et \u00e9changes avec le public<\/strong>, notamment aupr\u00e8s des plus jeunes.<\/p>\n\n\n\n<figure class=\"wp-block-gallery has-nested-images columns-default is-cropped wp-block-gallery-1 is-layout-flex wp-block-gallery-is-layout-flex\">\n<figure class=\"wp-block-image size-large\"><img decoding=\"async\" width=\"1024\" height=\"683\" data-id=\"507\" src=\"https:\/\/cabulleauvillage.com\/wp-content\/uploads\/2026\/01\/CBV2025-119-1024x683.jpg\" alt=\"\" class=\"wp-image-507\" srcset=\"https:\/\/cabulleauvillage.com\/wp-content\/uploads\/2026\/01\/CBV2025-119-1024x683.jpg 1024w, https:\/\/cabulleauvillage.com\/wp-content\/uploads\/2026\/01\/CBV2025-119-300x200.jpg 300w, https:\/\/cabulleauvillage.com\/wp-content\/uploads\/2026\/01\/CBV2025-119-768x512.jpg 768w, https:\/\/cabulleauvillage.com\/wp-content\/uploads\/2026\/01\/CBV2025-119-1536x1024.jpg 1536w, https:\/\/cabulleauvillage.com\/wp-content\/uploads\/2026\/01\/CBV2025-119-2048x1365.jpg 2048w, https:\/\/cabulleauvillage.com\/wp-content\/uploads\/2026\/01\/CBV2025-119-600x400.jpg 600w\" sizes=\"(max-width: 1024px) 100vw, 1024px\" \/><\/figure>\n\n\n\n<figure class=\"wp-block-image size-large\"><img decoding=\"async\" width=\"1024\" height=\"683\" data-id=\"186\" src=\"https:\/\/cabulleauvillage.com\/wp-content\/uploads\/2026\/01\/CBV2025-143-1024x683.jpg\" alt=\"\" class=\"wp-image-186\" srcset=\"https:\/\/cabulleauvillage.com\/wp-content\/uploads\/2026\/01\/CBV2025-143-1024x683.jpg 1024w, https:\/\/cabulleauvillage.com\/wp-content\/uploads\/2026\/01\/CBV2025-143-scaled-600x400.jpg 600w, https:\/\/cabulleauvillage.com\/wp-content\/uploads\/2026\/01\/CBV2025-143-300x200.jpg 300w, https:\/\/cabulleauvillage.com\/wp-content\/uploads\/2026\/01\/CBV2025-143-768x512.jpg 768w, https:\/\/cabulleauvillage.com\/wp-content\/uploads\/2026\/01\/CBV2025-143-1536x1024.jpg 1536w, https:\/\/cabulleauvillage.com\/wp-content\/uploads\/2026\/01\/CBV2025-143-2048x1365.jpg 2048w\" sizes=\"(max-width: 1024px) 100vw, 1024px\" \/><\/figure>\n\n\n\n<figure class=\"wp-block-image size-large\"><img loading=\"lazy\" decoding=\"async\" width=\"724\" height=\"1024\" data-id=\"156\" src=\"https:\/\/cabulleauvillage.com\/wp-content\/uploads\/2025\/09\/basse-def-affiche-bleu-st-etienne-crossey-2025-03-724x1024.jpg\" alt=\"\" class=\"wp-image-156\" srcset=\"https:\/\/cabulleauvillage.com\/wp-content\/uploads\/2025\/09\/basse-def-affiche-bleu-st-etienne-crossey-2025-03-724x1024.jpg 724w, https:\/\/cabulleauvillage.com\/wp-content\/uploads\/2025\/09\/basse-def-affiche-bleu-st-etienne-crossey-2025-03-600x849.jpg 600w, https:\/\/cabulleauvillage.com\/wp-content\/uploads\/2025\/09\/basse-def-affiche-bleu-st-etienne-crossey-2025-03-212x300.jpg 212w, https:\/\/cabulleauvillage.com\/wp-content\/uploads\/2025\/09\/basse-def-affiche-bleu-st-etienne-crossey-2025-03-768x1087.jpg 768w, https:\/\/cabulleauvillage.com\/wp-content\/uploads\/2025\/09\/basse-def-affiche-bleu-st-etienne-crossey-2025-03-1085x1536.jpg 1085w, https:\/\/cabulleauvillage.com\/wp-content\/uploads\/2025\/09\/basse-def-affiche-bleu-st-etienne-crossey-2025-03.jpg 1113w\" sizes=\"(max-width: 724px) 100vw, 724px\" \/><\/figure>\n\n\n\n<figure class=\"wp-block-image size-large\"><img loading=\"lazy\" decoding=\"async\" width=\"717\" height=\"1013\" data-id=\"309\" src=\"https:\/\/cabulleauvillage.com\/wp-content\/uploads\/2026\/01\/affiche2025-ca_bulle_au_village_web.jpg\" alt=\"\" class=\"wp-image-309\" srcset=\"https:\/\/cabulleauvillage.com\/wp-content\/uploads\/2026\/01\/affiche2025-ca_bulle_au_village_web.jpg 717w, https:\/\/cabulleauvillage.com\/wp-content\/uploads\/2026\/01\/affiche2025-ca_bulle_au_village_web-212x300.jpg 212w, https:\/\/cabulleauvillage.com\/wp-content\/uploads\/2026\/01\/affiche2025-ca_bulle_au_village_web-600x848.jpg 600w\" sizes=\"(max-width: 717px) 100vw, 717px\" \/><\/figure>\n<\/figure>\n","protected":false},"excerpt":{"rendered":"<p>Zerriouh Public : jeunesse \u2013 manga Auteur et illustrateur de bande dessin\u00e9e et de manga, Zerriouh d\u00e9veloppe un univers graphique dynamique et expressif, nourri par les codes du manga et [&hellip;]<\/p>\n","protected":false},"author":1,"featured_media":0,"parent":0,"menu_order":0,"comment_status":"closed","ping_status":"closed","template":"","meta":{"site-sidebar-layout":"default","site-content-layout":"","ast-site-content-layout":"default","site-content-style":"default","site-sidebar-style":"default","ast-global-header-display":"","ast-banner-title-visibility":"","ast-main-header-display":"","ast-hfb-above-header-display":"","ast-hfb-below-header-display":"","ast-hfb-mobile-header-display":"","site-post-title":"","ast-breadcrumbs-content":"","ast-featured-img":"","footer-sml-layout":"","ast-disable-related-posts":"","theme-transparent-header-meta":"","adv-header-id-meta":"","stick-header-meta":"","header-above-stick-meta":"","header-main-stick-meta":"","header-below-stick-meta":"","astra-migrate-meta-layouts":"default","ast-page-background-enabled":"default","ast-page-background-meta":{"desktop":{"background-color":"var(--ast-global-color-5)","background-image":"","background-repeat":"repeat","background-position":"center center","background-size":"auto","background-attachment":"scroll","background-type":"","background-media":"","overlay-type":"","overlay-color":"","overlay-opacity":"","overlay-gradient":""},"tablet":{"background-color":"","background-image":"","background-repeat":"repeat","background-position":"center center","background-size":"auto","background-attachment":"scroll","background-type":"","background-media":"","overlay-type":"","overlay-color":"","overlay-opacity":"","overlay-gradient":""},"mobile":{"background-color":"","background-image":"","background-repeat":"repeat","background-position":"center center","background-size":"auto","background-attachment":"scroll","background-type":"","background-media":"","overlay-type":"","overlay-color":"","overlay-opacity":"","overlay-gradient":""}},"ast-content-background-meta":{"desktop":{"background-color":"var(--ast-global-color-4)","background-image":"","background-repeat":"repeat","background-position":"center center","background-size":"auto","background-attachment":"scroll","background-type":"","background-media":"","overlay-type":"","overlay-color":"","overlay-opacity":"","overlay-gradient":""},"tablet":{"background-color":"var(--ast-global-color-4)","background-image":"","background-repeat":"repeat","background-position":"center center","background-size":"auto","background-attachment":"scroll","background-type":"","background-media":"","overlay-type":"","overlay-color":"","overlay-opacity":"","overlay-gradient":""},"mobile":{"background-color":"var(--ast-global-color-4)","background-image":"","background-repeat":"repeat","background-position":"center center","background-size":"auto","background-attachment":"scroll","background-type":"","background-media":"","overlay-type":"","overlay-color":"","overlay-opacity":"","overlay-gradient":""}},"footnotes":""},"class_list":["post-701","page","type-page","status-publish","hentry"],"yoast_head":"<!-- This site is optimized with the Yoast SEO plugin v26.8 - https:\/\/yoast.com\/product\/yoast-seo-wordpress\/ -->\n<title>Zerriouh - CA BULLE AU VILLAGE<\/title>\n<meta name=\"robots\" content=\"index, follow, max-snippet:-1, max-image-preview:large, max-video-preview:-1\" \/>\n<link rel=\"canonical\" href=\"https:\/\/cabulleauvillage.com\/index.php\/zerriouh\/\" \/>\n<meta property=\"og:locale\" content=\"fr_FR\" \/>\n<meta property=\"og:type\" content=\"article\" \/>\n<meta property=\"og:title\" content=\"Zerriouh - CA BULLE AU VILLAGE\" \/>\n<meta property=\"og:description\" content=\"Zerriouh Public : jeunesse \u2013 manga Auteur et illustrateur de bande dessin\u00e9e et de manga, Zerriouh d\u00e9veloppe un univers graphique dynamique et expressif, nourri par les codes du manga et [&hellip;]\" \/>\n<meta property=\"og:url\" content=\"https:\/\/cabulleauvillage.com\/index.php\/zerriouh\/\" \/>\n<meta property=\"og:site_name\" content=\"CA BULLE AU VILLAGE\" \/>\n<meta property=\"article:publisher\" content=\"https:\/\/www.facebook.com\/bulleauvillage\/\" \/>\n<meta property=\"article:modified_time\" content=\"2026-02-06T09:02:31+00:00\" \/>\n<meta property=\"og:image\" content=\"https:\/\/cabulleauvillage.com\/wp-content\/uploads\/2026\/01\/CBV2024-11.jpg\" \/>\n\t<meta property=\"og:image:width\" content=\"1000\" \/>\n\t<meta property=\"og:image:height\" content=\"667\" \/>\n\t<meta property=\"og:image:type\" content=\"image\/jpeg\" \/>\n<meta name=\"twitter:card\" content=\"summary_large_image\" \/>\n<meta name=\"twitter:label1\" content=\"Dur\u00e9e de lecture estim\u00e9e\" \/>\n\t<meta name=\"twitter:data1\" content=\"2 minutes\" \/>\n<script type=\"application\/ld+json\" class=\"yoast-schema-graph\">{\"@context\":\"https:\/\/schema.org\",\"@graph\":[{\"@type\":\"WebPage\",\"@id\":\"https:\/\/cabulleauvillage.com\/index.php\/zerriouh\/\",\"url\":\"https:\/\/cabulleauvillage.com\/index.php\/zerriouh\/\",\"name\":\"Zerriouh - CA BULLE AU VILLAGE\",\"isPartOf\":{\"@id\":\"https:\/\/cabulleauvillage.com\/#website\"},\"primaryImageOfPage\":{\"@id\":\"https:\/\/cabulleauvillage.com\/index.php\/zerriouh\/#primaryimage\"},\"image\":{\"@id\":\"https:\/\/cabulleauvillage.com\/index.php\/zerriouh\/#primaryimage\"},\"thumbnailUrl\":\"https:\/\/cabulleauvillage.com\/wp-content\/uploads\/2026\/01\/CBV2024-11.jpg\",\"datePublished\":\"2026-02-05T12:35:40+00:00\",\"dateModified\":\"2026-02-06T09:02:31+00:00\",\"breadcrumb\":{\"@id\":\"https:\/\/cabulleauvillage.com\/index.php\/zerriouh\/#breadcrumb\"},\"inLanguage\":\"fr-FR\",\"potentialAction\":[{\"@type\":\"ReadAction\",\"target\":[\"https:\/\/cabulleauvillage.com\/index.php\/zerriouh\/\"]}]},{\"@type\":\"ImageObject\",\"inLanguage\":\"fr-FR\",\"@id\":\"https:\/\/cabulleauvillage.com\/index.php\/zerriouh\/#primaryimage\",\"url\":\"https:\/\/cabulleauvillage.com\/wp-content\/uploads\/2026\/01\/CBV2024-11.jpg\",\"contentUrl\":\"https:\/\/cabulleauvillage.com\/wp-content\/uploads\/2026\/01\/CBV2024-11.jpg\",\"width\":1000,\"height\":667,\"caption\":\"Zerriouh\"},{\"@type\":\"BreadcrumbList\",\"@id\":\"https:\/\/cabulleauvillage.com\/index.php\/zerriouh\/#breadcrumb\",\"itemListElement\":[{\"@type\":\"ListItem\",\"position\":1,\"name\":\"Home\",\"item\":\"https:\/\/cabulleauvillage.com\/\"},{\"@type\":\"ListItem\",\"position\":2,\"name\":\"Zerriouh\"}]},{\"@type\":\"WebSite\",\"@id\":\"https:\/\/cabulleauvillage.com\/#website\",\"url\":\"https:\/\/cabulleauvillage.com\/\",\"name\":\"CA BULLE AU VILLAGE\",\"description\":\"Festival de BD \u00e0 Saint Etienne de Crossey\",\"publisher\":{\"@id\":\"https:\/\/cabulleauvillage.com\/#organization\"},\"potentialAction\":[{\"@type\":\"SearchAction\",\"target\":{\"@type\":\"EntryPoint\",\"urlTemplate\":\"https:\/\/cabulleauvillage.com\/?s={search_term_string}\"},\"query-input\":{\"@type\":\"PropertyValueSpecification\",\"valueRequired\":true,\"valueName\":\"search_term_string\"}}],\"inLanguage\":\"fr-FR\"},{\"@type\":\"Organization\",\"@id\":\"https:\/\/cabulleauvillage.com\/#organization\",\"name\":\"CA BULLE AU VILLAGE ! Saint Etienne de Crossey\",\"url\":\"https:\/\/cabulleauvillage.com\/\",\"logo\":{\"@type\":\"ImageObject\",\"inLanguage\":\"fr-FR\",\"@id\":\"https:\/\/cabulleauvillage.com\/#\/schema\/logo\/image\/\",\"url\":\"https:\/\/cabulleauvillage.com\/wp-content\/uploads\/2024\/06\/cropped-cropped-Fichier-2@2x-1-1.png\",\"contentUrl\":\"https:\/\/cabulleauvillage.com\/wp-content\/uploads\/2024\/06\/cropped-cropped-Fichier-2@2x-1-1.png\",\"width\":1017,\"height\":1017,\"caption\":\"CA BULLE AU VILLAGE ! Saint Etienne de Crossey\"},\"image\":{\"@id\":\"https:\/\/cabulleauvillage.com\/#\/schema\/logo\/image\/\"},\"sameAs\":[\"https:\/\/www.facebook.com\/bulleauvillage\/\",\"https:\/\/www.instagram.com\/cabulleauvillage\/\"]}]}<\/script>\n<!-- \/ Yoast SEO plugin. -->","yoast_head_json":{"title":"Zerriouh - CA BULLE AU VILLAGE","robots":{"index":"index","follow":"follow","max-snippet":"max-snippet:-1","max-image-preview":"max-image-preview:large","max-video-preview":"max-video-preview:-1"},"canonical":"https:\/\/cabulleauvillage.com\/index.php\/zerriouh\/","og_locale":"fr_FR","og_type":"article","og_title":"Zerriouh - CA BULLE AU VILLAGE","og_description":"Zerriouh Public : jeunesse \u2013 manga Auteur et illustrateur de bande dessin\u00e9e et de manga, Zerriouh d\u00e9veloppe un univers graphique dynamique et expressif, nourri par les codes du manga et [&hellip;]","og_url":"https:\/\/cabulleauvillage.com\/index.php\/zerriouh\/","og_site_name":"CA BULLE AU VILLAGE","article_publisher":"https:\/\/www.facebook.com\/bulleauvillage\/","article_modified_time":"2026-02-06T09:02:31+00:00","og_image":[{"width":1000,"height":667,"url":"https:\/\/cabulleauvillage.com\/wp-content\/uploads\/2026\/01\/CBV2024-11.jpg","type":"image\/jpeg"}],"twitter_card":"summary_large_image","twitter_misc":{"Dur\u00e9e de lecture estim\u00e9e":"2 minutes"},"schema":{"@context":"https:\/\/schema.org","@graph":[{"@type":"WebPage","@id":"https:\/\/cabulleauvillage.com\/index.php\/zerriouh\/","url":"https:\/\/cabulleauvillage.com\/index.php\/zerriouh\/","name":"Zerriouh - CA BULLE AU VILLAGE","isPartOf":{"@id":"https:\/\/cabulleauvillage.com\/#website"},"primaryImageOfPage":{"@id":"https:\/\/cabulleauvillage.com\/index.php\/zerriouh\/#primaryimage"},"image":{"@id":"https:\/\/cabulleauvillage.com\/index.php\/zerriouh\/#primaryimage"},"thumbnailUrl":"https:\/\/cabulleauvillage.com\/wp-content\/uploads\/2026\/01\/CBV2024-11.jpg","datePublished":"2026-02-05T12:35:40+00:00","dateModified":"2026-02-06T09:02:31+00:00","breadcrumb":{"@id":"https:\/\/cabulleauvillage.com\/index.php\/zerriouh\/#breadcrumb"},"inLanguage":"fr-FR","potentialAction":[{"@type":"ReadAction","target":["https:\/\/cabulleauvillage.com\/index.php\/zerriouh\/"]}]},{"@type":"ImageObject","inLanguage":"fr-FR","@id":"https:\/\/cabulleauvillage.com\/index.php\/zerriouh\/#primaryimage","url":"https:\/\/cabulleauvillage.com\/wp-content\/uploads\/2026\/01\/CBV2024-11.jpg","contentUrl":"https:\/\/cabulleauvillage.com\/wp-content\/uploads\/2026\/01\/CBV2024-11.jpg","width":1000,"height":667,"caption":"Zerriouh"},{"@type":"BreadcrumbList","@id":"https:\/\/cabulleauvillage.com\/index.php\/zerriouh\/#breadcrumb","itemListElement":[{"@type":"ListItem","position":1,"name":"Home","item":"https:\/\/cabulleauvillage.com\/"},{"@type":"ListItem","position":2,"name":"Zerriouh"}]},{"@type":"WebSite","@id":"https:\/\/cabulleauvillage.com\/#website","url":"https:\/\/cabulleauvillage.com\/","name":"CA BULLE AU VILLAGE","description":"Festival de BD \u00e0 Saint Etienne de Crossey","publisher":{"@id":"https:\/\/cabulleauvillage.com\/#organization"},"potentialAction":[{"@type":"SearchAction","target":{"@type":"EntryPoint","urlTemplate":"https:\/\/cabulleauvillage.com\/?s={search_term_string}"},"query-input":{"@type":"PropertyValueSpecification","valueRequired":true,"valueName":"search_term_string"}}],"inLanguage":"fr-FR"},{"@type":"Organization","@id":"https:\/\/cabulleauvillage.com\/#organization","name":"CA BULLE AU VILLAGE ! Saint Etienne de Crossey","url":"https:\/\/cabulleauvillage.com\/","logo":{"@type":"ImageObject","inLanguage":"fr-FR","@id":"https:\/\/cabulleauvillage.com\/#\/schema\/logo\/image\/","url":"https:\/\/cabulleauvillage.com\/wp-content\/uploads\/2024\/06\/cropped-cropped-Fichier-2@2x-1-1.png","contentUrl":"https:\/\/cabulleauvillage.com\/wp-content\/uploads\/2024\/06\/cropped-cropped-Fichier-2@2x-1-1.png","width":1017,"height":1017,"caption":"CA BULLE AU VILLAGE ! Saint Etienne de Crossey"},"image":{"@id":"https:\/\/cabulleauvillage.com\/#\/schema\/logo\/image\/"},"sameAs":["https:\/\/www.facebook.com\/bulleauvillage\/","https:\/\/www.instagram.com\/cabulleauvillage\/"]}]}},"_links":{"self":[{"href":"https:\/\/cabulleauvillage.com\/index.php\/wp-json\/wp\/v2\/pages\/701","targetHints":{"allow":["GET"]}}],"collection":[{"href":"https:\/\/cabulleauvillage.com\/index.php\/wp-json\/wp\/v2\/pages"}],"about":[{"href":"https:\/\/cabulleauvillage.com\/index.php\/wp-json\/wp\/v2\/types\/page"}],"author":[{"embeddable":true,"href":"https:\/\/cabulleauvillage.com\/index.php\/wp-json\/wp\/v2\/users\/1"}],"replies":[{"embeddable":true,"href":"https:\/\/cabulleauvillage.com\/index.php\/wp-json\/wp\/v2\/comments?post=701"}],"version-history":[{"count":8,"href":"https:\/\/cabulleauvillage.com\/index.php\/wp-json\/wp\/v2\/pages\/701\/revisions"}],"predecessor-version":[{"id":735,"href":"https:\/\/cabulleauvillage.com\/index.php\/wp-json\/wp\/v2\/pages\/701\/revisions\/735"}],"wp:attachment":[{"href":"https:\/\/cabulleauvillage.com\/index.php\/wp-json\/wp\/v2\/media?parent=701"}],"curies":[{"name":"wp","href":"https:\/\/api.w.org\/{rel}","templated":true}]}}