{"id":747,"date":"2026-02-06T10:21:07","date_gmt":"2026-02-06T09:21:07","guid":{"rendered":"https:\/\/cabulleauvillage.com\/?page_id=747"},"modified":"2026-02-06T10:21:08","modified_gmt":"2026-02-06T09:21:08","slug":"mikael-mignet","status":"publish","type":"page","link":"https:\/\/cabulleauvillage.com\/index.php\/mikael-mignet\/","title":{"rendered":"Mika\u00ebl Mignet"},"content":{"rendered":"\n<h2 class=\"wp-block-heading\">Mika\u00ebl Mignet<\/h2>\n\n\n\n<figure class=\"wp-block-image size-large\"><img fetchpriority=\"high\" decoding=\"async\" width=\"1024\" height=\"683\" src=\"https:\/\/cabulleauvillage.com\/wp-content\/uploads\/2026\/01\/CBV2025-32-1024x683.jpg\" alt=\"\" class=\"wp-image-478\" srcset=\"https:\/\/cabulleauvillage.com\/wp-content\/uploads\/2026\/01\/CBV2025-32-1024x683.jpg 1024w, https:\/\/cabulleauvillage.com\/wp-content\/uploads\/2026\/01\/CBV2025-32-300x200.jpg 300w, https:\/\/cabulleauvillage.com\/wp-content\/uploads\/2026\/01\/CBV2025-32-768x512.jpg 768w, https:\/\/cabulleauvillage.com\/wp-content\/uploads\/2026\/01\/CBV2025-32-1536x1024.jpg 1536w, https:\/\/cabulleauvillage.com\/wp-content\/uploads\/2026\/01\/CBV2025-32-2048x1365.jpg 2048w, https:\/\/cabulleauvillage.com\/wp-content\/uploads\/2026\/01\/CBV2025-32-600x400.jpg 600w\" sizes=\"(max-width: 1024px) 100vw, 1024px\" \/><\/figure>\n\n\n\n<h3 class=\"wp-block-heading\">Public : adolescent &amp; adulte \u2013 bande dessin\u00e9e et r\u00e9cit contemporain<\/h3>\n\n\n\n<p><strong>Mika\u00ebl Mignet<\/strong> est sc\u00e9nariste. Lecteur de sc\u00e9narios pour la <strong>Maison du Film<\/strong>, il intervient depuis plus de dix ans comme <strong>script doctor<\/strong> au sein du collectif <strong>Pr\u00e9misses<\/strong>, o\u00f9 il accompagne le d\u00e9veloppement de nombreux projets de films et de s\u00e9ries, s\u00e9lectionn\u00e9s en festivals et diffus\u00e9s sur des cha\u00eenes nationales.<\/p>\n\n\n\n<p>Il aborde l\u2019univers de la <strong>bande dessin\u00e9e<\/strong> avec <strong><em>Derri\u00e8re la colline<\/em><\/strong>, puis signe <strong><em>Sous Bock<\/em><\/strong>, <strong><em>Un dromadaire dans la for\u00eat<\/em><\/strong> et plus r\u00e9cemment <strong><em>Les Ar\u00eates de poissons \u2013 Une \u00e9nigme souterraine<\/em><\/strong>. Ses r\u00e9cits se distinguent par une \u00e9criture sensible, ancr\u00e9e dans le r\u00e9el et port\u00e9e par des personnages forts.<\/p>\n\n\n\n<p><strong>Mika\u00ebl Mignet \u00e9tait pr\u00e9sent lors de l\u2019\u00e9dition 2025 du festival \u00c7a bulle au village<\/strong>, \u00e0 la rencontre du public.<\/p>\n","protected":false},"excerpt":{"rendered":"<p>Mika\u00ebl Mignet Public : adolescent &amp; adulte \u2013 bande dessin\u00e9e et r\u00e9cit contemporain Mika\u00ebl Mignet est sc\u00e9nariste. Lecteur de sc\u00e9narios pour la Maison du Film, il intervient depuis plus de [&hellip;]<\/p>\n","protected":false},"author":1,"featured_media":0,"parent":0,"menu_order":0,"comment_status":"closed","ping_status":"closed","template":"","meta":{"site-sidebar-layout":"default","site-content-layout":"","ast-site-content-layout":"default","site-content-style":"default","site-sidebar-style":"default","ast-global-header-display":"","ast-banner-title-visibility":"","ast-main-header-display":"","ast-hfb-above-header-display":"","ast-hfb-below-header-display":"","ast-hfb-mobile-header-display":"","site-post-title":"","ast-breadcrumbs-content":"","ast-featured-img":"","footer-sml-layout":"","ast-disable-related-posts":"","theme-transparent-header-meta":"","adv-header-id-meta":"","stick-header-meta":"","header-above-stick-meta":"","header-main-stick-meta":"","header-below-stick-meta":"","astra-migrate-meta-layouts":"default","ast-page-background-enabled":"default","ast-page-background-meta":{"desktop":{"background-color":"var(--ast-global-color-5)","background-image":"","background-repeat":"repeat","background-position":"center center","background-size":"auto","background-attachment":"scroll","background-type":"","background-media":"","overlay-type":"","overlay-color":"","overlay-opacity":"","overlay-gradient":""},"tablet":{"background-color":"","background-image":"","background-repeat":"repeat","background-position":"center center","background-size":"auto","background-attachment":"scroll","background-type":"","background-media":"","overlay-type":"","overlay-color":"","overlay-opacity":"","overlay-gradient":""},"mobile":{"background-color":"","background-image":"","background-repeat":"repeat","background-position":"center center","background-size":"auto","background-attachment":"scroll","background-type":"","background-media":"","overlay-type":"","overlay-color":"","overlay-opacity":"","overlay-gradient":""}},"ast-content-background-meta":{"desktop":{"background-color":"var(--ast-global-color-4)","background-image":"","background-repeat":"repeat","background-position":"center center","background-size":"auto","background-attachment":"scroll","background-type":"","background-media":"","overlay-type":"","overlay-color":"","overlay-opacity":"","overlay-gradient":""},"tablet":{"background-color":"var(--ast-global-color-4)","background-image":"","background-repeat":"repeat","background-position":"center center","background-size":"auto","background-attachment":"scroll","background-type":"","background-media":"","overlay-type":"","overlay-color":"","overlay-opacity":"","overlay-gradient":""},"mobile":{"background-color":"var(--ast-global-color-4)","background-image":"","background-repeat":"repeat","background-position":"center center","background-size":"auto","background-attachment":"scroll","background-type":"","background-media":"","overlay-type":"","overlay-color":"","overlay-opacity":"","overlay-gradient":""}},"footnotes":""},"class_list":["post-747","page","type-page","status-publish","hentry"],"yoast_head":"<!-- This site is optimized with the Yoast SEO plugin v26.8 - https:\/\/yoast.com\/product\/yoast-seo-wordpress\/ -->\n<title>Mika\u00ebl Mignet - CA BULLE AU VILLAGE<\/title>\n<meta name=\"robots\" content=\"index, follow, max-snippet:-1, max-image-preview:large, max-video-preview:-1\" \/>\n<link rel=\"canonical\" href=\"https:\/\/cabulleauvillage.com\/index.php\/mikael-mignet\/\" \/>\n<meta property=\"og:locale\" content=\"fr_FR\" \/>\n<meta property=\"og:type\" content=\"article\" \/>\n<meta property=\"og:title\" content=\"Mika\u00ebl Mignet - CA BULLE AU VILLAGE\" \/>\n<meta property=\"og:description\" content=\"Mika\u00ebl Mignet Public : adolescent &amp; adulte \u2013 bande dessin\u00e9e et r\u00e9cit contemporain Mika\u00ebl Mignet est sc\u00e9nariste. Lecteur de sc\u00e9narios pour la Maison du Film, il intervient depuis plus de [&hellip;]\" \/>\n<meta property=\"og:url\" content=\"https:\/\/cabulleauvillage.com\/index.php\/mikael-mignet\/\" \/>\n<meta property=\"og:site_name\" content=\"CA BULLE AU VILLAGE\" \/>\n<meta property=\"article:publisher\" content=\"https:\/\/www.facebook.com\/bulleauvillage\/\" \/>\n<meta property=\"article:modified_time\" content=\"2026-02-06T09:21:08+00:00\" \/>\n<meta property=\"og:image\" content=\"https:\/\/cabulleauvillage.com\/wp-content\/uploads\/2026\/01\/CBV2025-32-scaled.jpg\" \/>\n\t<meta property=\"og:image:width\" content=\"2560\" \/>\n\t<meta property=\"og:image:height\" content=\"1706\" \/>\n\t<meta property=\"og:image:type\" content=\"image\/jpeg\" \/>\n<meta name=\"twitter:card\" content=\"summary_large_image\" \/>\n<meta name=\"twitter:label1\" content=\"Dur\u00e9e de lecture estim\u00e9e\" \/>\n\t<meta name=\"twitter:data1\" content=\"1 minute\" \/>\n<script type=\"application\/ld+json\" class=\"yoast-schema-graph\">{\"@context\":\"https:\/\/schema.org\",\"@graph\":[{\"@type\":\"WebPage\",\"@id\":\"https:\/\/cabulleauvillage.com\/index.php\/mikael-mignet\/\",\"url\":\"https:\/\/cabulleauvillage.com\/index.php\/mikael-mignet\/\",\"name\":\"Mika\u00ebl Mignet - CA BULLE AU VILLAGE\",\"isPartOf\":{\"@id\":\"https:\/\/cabulleauvillage.com\/#website\"},\"primaryImageOfPage\":{\"@id\":\"https:\/\/cabulleauvillage.com\/index.php\/mikael-mignet\/#primaryimage\"},\"image\":{\"@id\":\"https:\/\/cabulleauvillage.com\/index.php\/mikael-mignet\/#primaryimage\"},\"thumbnailUrl\":\"https:\/\/cabulleauvillage.com\/wp-content\/uploads\/2026\/01\/CBV2025-32-1024x683.jpg\",\"datePublished\":\"2026-02-06T09:21:07+00:00\",\"dateModified\":\"2026-02-06T09:21:08+00:00\",\"breadcrumb\":{\"@id\":\"https:\/\/cabulleauvillage.com\/index.php\/mikael-mignet\/#breadcrumb\"},\"inLanguage\":\"fr-FR\",\"potentialAction\":[{\"@type\":\"ReadAction\",\"target\":[\"https:\/\/cabulleauvillage.com\/index.php\/mikael-mignet\/\"]}]},{\"@type\":\"ImageObject\",\"inLanguage\":\"fr-FR\",\"@id\":\"https:\/\/cabulleauvillage.com\/index.php\/mikael-mignet\/#primaryimage\",\"url\":\"https:\/\/cabulleauvillage.com\/wp-content\/uploads\/2026\/01\/CBV2025-32-scaled.jpg\",\"contentUrl\":\"https:\/\/cabulleauvillage.com\/wp-content\/uploads\/2026\/01\/CBV2025-32-scaled.jpg\",\"width\":2560,\"height\":1706,\"caption\":\"Mika\u00ebl MIGNET\"},{\"@type\":\"BreadcrumbList\",\"@id\":\"https:\/\/cabulleauvillage.com\/index.php\/mikael-mignet\/#breadcrumb\",\"itemListElement\":[{\"@type\":\"ListItem\",\"position\":1,\"name\":\"Home\",\"item\":\"https:\/\/cabulleauvillage.com\/\"},{\"@type\":\"ListItem\",\"position\":2,\"name\":\"Mika\u00ebl Mignet\"}]},{\"@type\":\"WebSite\",\"@id\":\"https:\/\/cabulleauvillage.com\/#website\",\"url\":\"https:\/\/cabulleauvillage.com\/\",\"name\":\"CA BULLE AU VILLAGE\",\"description\":\"Festival de BD \u00e0 Saint Etienne de Crossey\",\"publisher\":{\"@id\":\"https:\/\/cabulleauvillage.com\/#organization\"},\"potentialAction\":[{\"@type\":\"SearchAction\",\"target\":{\"@type\":\"EntryPoint\",\"urlTemplate\":\"https:\/\/cabulleauvillage.com\/?s={search_term_string}\"},\"query-input\":{\"@type\":\"PropertyValueSpecification\",\"valueRequired\":true,\"valueName\":\"search_term_string\"}}],\"inLanguage\":\"fr-FR\"},{\"@type\":\"Organization\",\"@id\":\"https:\/\/cabulleauvillage.com\/#organization\",\"name\":\"CA BULLE AU VILLAGE ! Saint Etienne de Crossey\",\"url\":\"https:\/\/cabulleauvillage.com\/\",\"logo\":{\"@type\":\"ImageObject\",\"inLanguage\":\"fr-FR\",\"@id\":\"https:\/\/cabulleauvillage.com\/#\/schema\/logo\/image\/\",\"url\":\"https:\/\/cabulleauvillage.com\/wp-content\/uploads\/2024\/06\/cropped-cropped-Fichier-2@2x-1-1.png\",\"contentUrl\":\"https:\/\/cabulleauvillage.com\/wp-content\/uploads\/2024\/06\/cropped-cropped-Fichier-2@2x-1-1.png\",\"width\":1017,\"height\":1017,\"caption\":\"CA BULLE AU VILLAGE ! Saint Etienne de Crossey\"},\"image\":{\"@id\":\"https:\/\/cabulleauvillage.com\/#\/schema\/logo\/image\/\"},\"sameAs\":[\"https:\/\/www.facebook.com\/bulleauvillage\/\",\"https:\/\/www.instagram.com\/cabulleauvillage\/\"]}]}<\/script>\n<!-- \/ Yoast SEO plugin. -->","yoast_head_json":{"title":"Mika\u00ebl Mignet - CA BULLE AU VILLAGE","robots":{"index":"index","follow":"follow","max-snippet":"max-snippet:-1","max-image-preview":"max-image-preview:large","max-video-preview":"max-video-preview:-1"},"canonical":"https:\/\/cabulleauvillage.com\/index.php\/mikael-mignet\/","og_locale":"fr_FR","og_type":"article","og_title":"Mika\u00ebl Mignet - CA BULLE AU VILLAGE","og_description":"Mika\u00ebl Mignet Public : adolescent &amp; adulte \u2013 bande dessin\u00e9e et r\u00e9cit contemporain Mika\u00ebl Mignet est sc\u00e9nariste. Lecteur de sc\u00e9narios pour la Maison du Film, il intervient depuis plus de [&hellip;]","og_url":"https:\/\/cabulleauvillage.com\/index.php\/mikael-mignet\/","og_site_name":"CA BULLE AU VILLAGE","article_publisher":"https:\/\/www.facebook.com\/bulleauvillage\/","article_modified_time":"2026-02-06T09:21:08+00:00","og_image":[{"width":2560,"height":1706,"url":"https:\/\/cabulleauvillage.com\/wp-content\/uploads\/2026\/01\/CBV2025-32-scaled.jpg","type":"image\/jpeg"}],"twitter_card":"summary_large_image","twitter_misc":{"Dur\u00e9e de lecture estim\u00e9e":"1 minute"},"schema":{"@context":"https:\/\/schema.org","@graph":[{"@type":"WebPage","@id":"https:\/\/cabulleauvillage.com\/index.php\/mikael-mignet\/","url":"https:\/\/cabulleauvillage.com\/index.php\/mikael-mignet\/","name":"Mika\u00ebl Mignet - CA BULLE AU VILLAGE","isPartOf":{"@id":"https:\/\/cabulleauvillage.com\/#website"},"primaryImageOfPage":{"@id":"https:\/\/cabulleauvillage.com\/index.php\/mikael-mignet\/#primaryimage"},"image":{"@id":"https:\/\/cabulleauvillage.com\/index.php\/mikael-mignet\/#primaryimage"},"thumbnailUrl":"https:\/\/cabulleauvillage.com\/wp-content\/uploads\/2026\/01\/CBV2025-32-1024x683.jpg","datePublished":"2026-02-06T09:21:07+00:00","dateModified":"2026-02-06T09:21:08+00:00","breadcrumb":{"@id":"https:\/\/cabulleauvillage.com\/index.php\/mikael-mignet\/#breadcrumb"},"inLanguage":"fr-FR","potentialAction":[{"@type":"ReadAction","target":["https:\/\/cabulleauvillage.com\/index.php\/mikael-mignet\/"]}]},{"@type":"ImageObject","inLanguage":"fr-FR","@id":"https:\/\/cabulleauvillage.com\/index.php\/mikael-mignet\/#primaryimage","url":"https:\/\/cabulleauvillage.com\/wp-content\/uploads\/2026\/01\/CBV2025-32-scaled.jpg","contentUrl":"https:\/\/cabulleauvillage.com\/wp-content\/uploads\/2026\/01\/CBV2025-32-scaled.jpg","width":2560,"height":1706,"caption":"Mika\u00ebl MIGNET"},{"@type":"BreadcrumbList","@id":"https:\/\/cabulleauvillage.com\/index.php\/mikael-mignet\/#breadcrumb","itemListElement":[{"@type":"ListItem","position":1,"name":"Home","item":"https:\/\/cabulleauvillage.com\/"},{"@type":"ListItem","position":2,"name":"Mika\u00ebl Mignet"}]},{"@type":"WebSite","@id":"https:\/\/cabulleauvillage.com\/#website","url":"https:\/\/cabulleauvillage.com\/","name":"CA BULLE AU VILLAGE","description":"Festival de BD \u00e0 Saint Etienne de Crossey","publisher":{"@id":"https:\/\/cabulleauvillage.com\/#organization"},"potentialAction":[{"@type":"SearchAction","target":{"@type":"EntryPoint","urlTemplate":"https:\/\/cabulleauvillage.com\/?s={search_term_string}"},"query-input":{"@type":"PropertyValueSpecification","valueRequired":true,"valueName":"search_term_string"}}],"inLanguage":"fr-FR"},{"@type":"Organization","@id":"https:\/\/cabulleauvillage.com\/#organization","name":"CA BULLE AU VILLAGE ! Saint Etienne de Crossey","url":"https:\/\/cabulleauvillage.com\/","logo":{"@type":"ImageObject","inLanguage":"fr-FR","@id":"https:\/\/cabulleauvillage.com\/#\/schema\/logo\/image\/","url":"https:\/\/cabulleauvillage.com\/wp-content\/uploads\/2024\/06\/cropped-cropped-Fichier-2@2x-1-1.png","contentUrl":"https:\/\/cabulleauvillage.com\/wp-content\/uploads\/2024\/06\/cropped-cropped-Fichier-2@2x-1-1.png","width":1017,"height":1017,"caption":"CA BULLE AU VILLAGE ! Saint Etienne de Crossey"},"image":{"@id":"https:\/\/cabulleauvillage.com\/#\/schema\/logo\/image\/"},"sameAs":["https:\/\/www.facebook.com\/bulleauvillage\/","https:\/\/www.instagram.com\/cabulleauvillage\/"]}]}},"_links":{"self":[{"href":"https:\/\/cabulleauvillage.com\/index.php\/wp-json\/wp\/v2\/pages\/747","targetHints":{"allow":["GET"]}}],"collection":[{"href":"https:\/\/cabulleauvillage.com\/index.php\/wp-json\/wp\/v2\/pages"}],"about":[{"href":"https:\/\/cabulleauvillage.com\/index.php\/wp-json\/wp\/v2\/types\/page"}],"author":[{"embeddable":true,"href":"https:\/\/cabulleauvillage.com\/index.php\/wp-json\/wp\/v2\/users\/1"}],"replies":[{"embeddable":true,"href":"https:\/\/cabulleauvillage.com\/index.php\/wp-json\/wp\/v2\/comments?post=747"}],"version-history":[{"count":1,"href":"https:\/\/cabulleauvillage.com\/index.php\/wp-json\/wp\/v2\/pages\/747\/revisions"}],"predecessor-version":[{"id":749,"href":"https:\/\/cabulleauvillage.com\/index.php\/wp-json\/wp\/v2\/pages\/747\/revisions\/749"}],"wp:attachment":[{"href":"https:\/\/cabulleauvillage.com\/index.php\/wp-json\/wp\/v2\/media?parent=747"}],"curies":[{"name":"wp","href":"https:\/\/api.w.org\/{rel}","templated":true}]}}